{"id":40,"date":"2022-07-20T00:47:33","date_gmt":"2022-07-20T00:47:33","guid":{"rendered":"https:\/\/capantekstil.com.tr\/?page_id=40"},"modified":"2022-07-20T00:47:34","modified_gmt":"2022-07-20T00:47:34","slug":"hizmetlerimiz","status":"publish","type":"page","link":"https:\/\/capantekstil.com.tr\/index.php\/hizmetlerimiz\/","title":{"rendered":"Hizmetlerimiz"},"content":{"rendered":"\n<div class=\"wp-container-4 wp-block-columns alignwide\">\n<div class=\"wp-container-1 wp-elements-333e2afa3dabc84b3199fad36108a4cb wp-block-column has-text-color has-background has-link-color\" style=\"background-color:#ffe97d;color:#000000;padding-top:2em;padding-right:2em;padding-bottom:2em;padding-left:2em\">\n<p>F\u0130RMAMIZDA T\u00dcM ELYAF ( PAMUK , PENYE , V\u0130SKON , AKR\u0130L\u0130K, POLYESTER , POL\u0130AM\u0130D, Y\u00dcN, KA\u015eM\u0130R, TENCEL, MODAL,ANGORA , KARDE ) \u00c7E\u015e\u0130TLER\u0130 BOYAMA KONUSUNDA FASON \u00dcRET\u0130M YAPILMAKDADIR.<\/p>\n<\/div>\n\n\n\n<div class=\"wp-container-2 wp-elements-1ad38d4dafa7a37d9fd67a5eabccfbe0 wp-block-column has-text-color has-background has-link-color\" style=\"background-color:#d1d1e1;color:#000000;padding-top:2em;padding-right:2em;padding-bottom:2em;padding-left:2em\">\n<p>BOYALARIMIZ REAKT\u0130F BOYAMA OLUP, T\u00dcM HASLIKLARI \u0130\u00c7ERMEKTED\u0130R.<br>35 YILLIK TECR\u00dcBEM\u0130Z , MODERN TES\u0130S\u0130M\u0130Z VE KONUSUNDA UZMAN KADROMUZLA H\u0130ZMET\u0130N\u0130ZDEY\u0130Z.<\/p>\n<\/div>\n\n\n\n<div class=\"wp-container-3 wp-elements-f9a49010b1616d80dee149ec53f04efd wp-block-column has-text-color has-background has-link-color\" style=\"background-color:#c0ebf1;color:#000000;padding-top:2em;padding-right:2em;padding-bottom:2em;padding-left:2em\">\n<p>BOYAMA A\u015eAMALARI ; HT KAZAN BOYAMA -SIKMA &#8211; FREKANS KURUTMA &#8211; VE<br>A\u00c7ICIDAN GE\u00c7\u0130P ;BALYALAMA \u0130\u015eLEM\u0130D\u0130R.<\/p>\n<\/div>\n<\/div>\n\n\n\n<p><\/p>\n\n\n\n<div class=\"wp-container-8 wp-block-columns alignwide\">\n<div class=\"wp-container-5 wp-elements-3d9e91ec36d1e7f847b3cdbf01aa796f wp-block-column has-light-green-cyan-background-color has-text-color has-background has-link-color\" style=\"color:#000000;padding-top:2em;padding-right:2em;padding-bottom:2em;padding-left:2em\">\n<p>KAZAN KAPAS\u0130TELER\u0130M\u0130Z:20 kg , 100 kg, 500 kg, 700 kg, 750 kg, 1200 kg, 1500 kg, 2000 kg &#8211; Pamuk elyaf de\u011ferleridir.<\/p>\n<\/div>\n\n\n\n<div class=\"wp-container-6 wp-elements-d8db8444ea0e0dc208a67a336f66aee4 wp-block-column has-pale-pink-background-color has-text-color has-background has-link-color\" style=\"color:#000000;padding-top:2em;padding-right:2em;padding-bottom:2em;padding-left:2em\">\n<p>BALYA M\u0130KTARI : 200-250 kg &#8211; Delikli Naylon Tam kapal\u0131 &#8211; 7 Standart Polyester \u00c7ember<\/p>\n<\/div>\n\n\n\n<div class=\"wp-container-7 wp-elements-89f2677e38ba65982a64ec22c0dfa35c wp-block-column has-text-color has-background has-link-color\" style=\"background-color:#c0ebf1;color:#000000;padding-top:2em;padding-right:2em;padding-bottom:2em;padding-left:2em\"><\/div>\n<\/div>\n","protected":false},"excerpt":{"rendered":"<p>F\u0130RMAMIZDA T\u00dcM ELYAF ( PAMUK , PENYE , V\u0130SKON , AKR\u0130L\u0130K, POLYESTER , POL\u0130AM\u0130D, Y\u00dcN, KA\u015eM\u0130R, TENCEL, MODAL,ANGORA , KARDE ) \u00c7E\u015e\u0130TLER\u0130 BOYAMA KONUSUNDA FASON \u00dcRET\u0130M YAPILMAKDADIR. BOYALARIMIZ REAKT\u0130F BOYAMA OLUP, T\u00dcM HASLIKLARI \u0130\u00c7ERMEKTED\u0130R.35 YILLIK TECR\u00dcBEM\u0130Z , MODERN TES\u0130S\u0130M\u0130Z VE KONUSUNDA UZMAN KADROMUZLA H\u0130ZMET\u0130N\u0130ZDEY\u0130Z. BOYAMA A\u015eAMALARI ; HT KAZAN BOYAMA -SIKMA &#8211; FREKANS KURUTMA &#8211; [&hellip;]<\/p>\n","protected":false},"author":1,"featured_media":0,"parent":0,"menu_order":0,"comment_status":"closed","ping_status":"closed","template":"","meta":[],"yoast_head":"<!-- This site is optimized with the Yoast SEO plugin v19.3 - https:\/\/yoast.com\/wordpress\/plugins\/seo\/ -->\n<title>Hizmetlerimiz - \u00c7APAN TEKST\u0130L BOYA<\/title>\n<meta name=\"robots\" content=\"index, follow, max-snippet:-1, max-image-preview:large, max-video-preview:-1\" \/>\n<link rel=\"canonical\" href=\"https:\/\/capantekstil.com.tr\/index.php\/hizmetlerimiz\/\" \/>\n<meta property=\"og:locale\" content=\"tr_TR\" \/>\n<meta property=\"og:type\" content=\"article\" \/>\n<meta property=\"og:title\" content=\"Hizmetlerimiz - \u00c7APAN TEKST\u0130L BOYA\" \/>\n<meta property=\"og:description\" content=\"F\u0130RMAMIZDA T\u00dcM ELYAF ( PAMUK , PENYE , V\u0130SKON , AKR\u0130L\u0130K, POLYESTER , POL\u0130AM\u0130D, Y\u00dcN, KA\u015eM\u0130R, TENCEL, MODAL,ANGORA , KARDE ) \u00c7E\u015e\u0130TLER\u0130 BOYAMA KONUSUNDA FASON \u00dcRET\u0130M YAPILMAKDADIR. BOYALARIMIZ REAKT\u0130F BOYAMA OLUP, T\u00dcM HASLIKLARI \u0130\u00c7ERMEKTED\u0130R.35 YILLIK TECR\u00dcBEM\u0130Z , MODERN TES\u0130S\u0130M\u0130Z VE KONUSUNDA UZMAN KADROMUZLA H\u0130ZMET\u0130N\u0130ZDEY\u0130Z. BOYAMA A\u015eAMALARI ; HT KAZAN BOYAMA -SIKMA &#8211; FREKANS KURUTMA &#8211; [&hellip;]\" \/>\n<meta property=\"og:url\" content=\"https:\/\/capantekstil.com.tr\/index.php\/hizmetlerimiz\/\" \/>\n<meta property=\"og:site_name\" content=\"\u00c7APAN TEKST\u0130L BOYA\" \/>\n<meta property=\"article:modified_time\" content=\"2022-07-20T00:47:34+00:00\" \/>\n<meta name=\"twitter:card\" content=\"summary_large_image\" \/>\n<meta name=\"twitter:label1\" content=\"Tahmini okuma s\u00fcresi\" \/>\n\t<meta name=\"twitter:data1\" content=\"1 dakika\" \/>\n<script type=\"application\/ld+json\" class=\"yoast-schema-graph\">{\"@context\":\"https:\/\/schema.org\",\"@graph\":[{\"@type\":\"Organization\",\"@id\":\"https:\/\/capantekstil.com.tr\/#organization\",\"name\":\"\u00c7APAN TEKST\u0130L BOYA\",\"url\":\"https:\/\/capantekstil.com.tr\/\",\"sameAs\":[],\"logo\":{\"@type\":\"ImageObject\",\"inLanguage\":\"tr\",\"@id\":\"https:\/\/capantekstil.com.tr\/#\/schema\/logo\/image\/\",\"url\":\"https:\/\/capantekstil.com.tr\/wp-content\/uploads\/2022\/07\/cropped-capantekstil-_web-logo-w.png\",\"contentUrl\":\"https:\/\/capantekstil.com.tr\/wp-content\/uploads\/2022\/07\/cropped-capantekstil-_web-logo-w.png\",\"width\":384,\"height\":151,\"caption\":\"\u00c7APAN TEKST\u0130L BOYA \"},\"image\":{\"@id\":\"https:\/\/capantekstil.com.tr\/#\/schema\/logo\/image\/\"}},{\"@type\":\"WebSite\",\"@id\":\"https:\/\/capantekstil.com.tr\/#website\",\"url\":\"https:\/\/capantekstil.com.tr\/\",\"name\":\"\u00c7APAN TEKST\u0130L BOYA\",\"description\":\"SAN. VE T\u0130C. LTD. \u015eT\u0130\",\"publisher\":{\"@id\":\"https:\/\/capantekstil.com.tr\/#organization\"},\"potentialAction\":[{\"@type\":\"SearchAction\",\"target\":{\"@type\":\"EntryPoint\",\"urlTemplate\":\"https:\/\/capantekstil.com.tr\/?s={search_term_string}\"},\"query-input\":\"required name=search_term_string\"}],\"inLanguage\":\"tr\"},{\"@type\":\"WebPage\",\"@id\":\"https:\/\/capantekstil.com.tr\/index.php\/hizmetlerimiz\/\",\"url\":\"https:\/\/capantekstil.com.tr\/index.php\/hizmetlerimiz\/\",\"name\":\"Hizmetlerimiz - \u00c7APAN TEKST\u0130L BOYA\",\"isPartOf\":{\"@id\":\"https:\/\/capantekstil.com.tr\/#website\"},\"datePublished\":\"2022-07-20T00:47:33+00:00\",\"dateModified\":\"2022-07-20T00:47:34+00:00\",\"breadcrumb\":{\"@id\":\"https:\/\/capantekstil.com.tr\/index.php\/hizmetlerimiz\/#breadcrumb\"},\"inLanguage\":\"tr\",\"potentialAction\":[{\"@type\":\"ReadAction\",\"target\":[\"https:\/\/capantekstil.com.tr\/index.php\/hizmetlerimiz\/\"]}]},{\"@type\":\"BreadcrumbList\",\"@id\":\"https:\/\/capantekstil.com.tr\/index.php\/hizmetlerimiz\/#breadcrumb\",\"itemListElement\":[{\"@type\":\"ListItem\",\"position\":1,\"name\":\"Anasayfa\",\"item\":\"https:\/\/capantekstil.com.tr\/index.php\/homepage\/\"},{\"@type\":\"ListItem\",\"position\":2,\"name\":\"Hizmetlerimiz\"}]}]}<\/script>\n<!-- \/ Yoast SEO plugin. -->","yoast_head_json":{"title":"Hizmetlerimiz - \u00c7APAN TEKST\u0130L BOYA","robots":{"index":"index","follow":"follow","max-snippet":"max-snippet:-1","max-image-preview":"max-image-preview:large","max-video-preview":"max-video-preview:-1"},"canonical":"https:\/\/capantekstil.com.tr\/index.php\/hizmetlerimiz\/","og_locale":"tr_TR","og_type":"article","og_title":"Hizmetlerimiz - \u00c7APAN TEKST\u0130L BOYA","og_description":"F\u0130RMAMIZDA T\u00dcM ELYAF ( PAMUK , PENYE , V\u0130SKON , AKR\u0130L\u0130K, POLYESTER , POL\u0130AM\u0130D, Y\u00dcN, KA\u015eM\u0130R, TENCEL, MODAL,ANGORA , KARDE ) \u00c7E\u015e\u0130TLER\u0130 BOYAMA KONUSUNDA FASON \u00dcRET\u0130M YAPILMAKDADIR. BOYALARIMIZ REAKT\u0130F BOYAMA OLUP, T\u00dcM HASLIKLARI \u0130\u00c7ERMEKTED\u0130R.35 YILLIK TECR\u00dcBEM\u0130Z , MODERN TES\u0130S\u0130M\u0130Z VE KONUSUNDA UZMAN KADROMUZLA H\u0130ZMET\u0130N\u0130ZDEY\u0130Z. BOYAMA A\u015eAMALARI ; HT KAZAN BOYAMA -SIKMA &#8211; FREKANS KURUTMA &#8211; [&hellip;]","og_url":"https:\/\/capantekstil.com.tr\/index.php\/hizmetlerimiz\/","og_site_name":"\u00c7APAN TEKST\u0130L BOYA","article_modified_time":"2022-07-20T00:47:34+00:00","twitter_card":"summary_large_image","twitter_misc":{"Tahmini okuma s\u00fcresi":"1 dakika"},"schema":{"@context":"https:\/\/schema.org","@graph":[{"@type":"Organization","@id":"https:\/\/capantekstil.com.tr\/#organization","name":"\u00c7APAN TEKST\u0130L BOYA","url":"https:\/\/capantekstil.com.tr\/","sameAs":[],"logo":{"@type":"ImageObject","inLanguage":"tr","@id":"https:\/\/capantekstil.com.tr\/#\/schema\/logo\/image\/","url":"https:\/\/capantekstil.com.tr\/wp-content\/uploads\/2022\/07\/cropped-capantekstil-_web-logo-w.png","contentUrl":"https:\/\/capantekstil.com.tr\/wp-content\/uploads\/2022\/07\/cropped-capantekstil-_web-logo-w.png","width":384,"height":151,"caption":"\u00c7APAN TEKST\u0130L BOYA "},"image":{"@id":"https:\/\/capantekstil.com.tr\/#\/schema\/logo\/image\/"}},{"@type":"WebSite","@id":"https:\/\/capantekstil.com.tr\/#website","url":"https:\/\/capantekstil.com.tr\/","name":"\u00c7APAN TEKST\u0130L BOYA","description":"SAN. VE T\u0130C. LTD. \u015eT\u0130","publisher":{"@id":"https:\/\/capantekstil.com.tr\/#organization"},"potentialAction":[{"@type":"SearchAction","target":{"@type":"EntryPoint","urlTemplate":"https:\/\/capantekstil.com.tr\/?s={search_term_string}"},"query-input":"required name=search_term_string"}],"inLanguage":"tr"},{"@type":"WebPage","@id":"https:\/\/capantekstil.com.tr\/index.php\/hizmetlerimiz\/","url":"https:\/\/capantekstil.com.tr\/index.php\/hizmetlerimiz\/","name":"Hizmetlerimiz - \u00c7APAN TEKST\u0130L BOYA","isPartOf":{"@id":"https:\/\/capantekstil.com.tr\/#website"},"datePublished":"2022-07-20T00:47:33+00:00","dateModified":"2022-07-20T00:47:34+00:00","breadcrumb":{"@id":"https:\/\/capantekstil.com.tr\/index.php\/hizmetlerimiz\/#breadcrumb"},"inLanguage":"tr","potentialAction":[{"@type":"ReadAction","target":["https:\/\/capantekstil.com.tr\/index.php\/hizmetlerimiz\/"]}]},{"@type":"BreadcrumbList","@id":"https:\/\/capantekstil.com.tr\/index.php\/hizmetlerimiz\/#breadcrumb","itemListElement":[{"@type":"ListItem","position":1,"name":"Anasayfa","item":"https:\/\/capantekstil.com.tr\/index.php\/homepage\/"},{"@type":"ListItem","position":2,"name":"Hizmetlerimiz"}]}]}},"_links":{"self":[{"href":"https:\/\/capantekstil.com.tr\/index.php\/wp-json\/wp\/v2\/pages\/40"}],"collection":[{"href":"https:\/\/capantekstil.com.tr\/index.php\/wp-json\/wp\/v2\/pages"}],"about":[{"href":"https:\/\/capantekstil.com.tr\/index.php\/wp-json\/wp\/v2\/types\/page"}],"author":[{"embeddable":true,"href":"https:\/\/capantekstil.com.tr\/index.php\/wp-json\/wp\/v2\/users\/1"}],"replies":[{"embeddable":true,"href":"https:\/\/capantekstil.com.tr\/index.php\/wp-json\/wp\/v2\/comments?post=40"}],"version-history":[{"count":1,"href":"https:\/\/capantekstil.com.tr\/index.php\/wp-json\/wp\/v2\/pages\/40\/revisions"}],"predecessor-version":[{"id":41,"href":"https:\/\/capantekstil.com.tr\/index.php\/wp-json\/wp\/v2\/pages\/40\/revisions\/41"}],"wp:attachment":[{"href":"https:\/\/capantekstil.com.tr\/index.php\/wp-json\/wp\/v2\/media?parent=40"}],"curies":[{"name":"wp","href":"https:\/\/api.w.org\/{rel}","templated":true}]}}